 be d(-5). Calculate the highest common factor of 228 and y.
76
Let f(d) = 2*d**3 + 55*d**2 + 24*d + 71. Let t be f(-27). Calculate the highest common factor of t and 19.
19
Let l = -28 + 28. Suppose l = -x - 3*w + 83, 141 = 4*x + 4*w - 175. What is the highest common divisor of x and 11?
11
Let f = -433 - -808. What is the greatest common divisor of f and 15?
15
Let d = -776 + 1139. Let f be (-2)/((-42)/d) + 2/(-7). What is the highest common divisor of 34 and f?
17
Suppose -66 = h - 7*h. Let t be ((-46)/2)/(h/(-33)). What is the highest common factor of t and 46?
23
Let r = 773 - 573. What is the highest common divisor of 175 and r?
25
Let m = 669 + -372. What is the highest common divisor of 27 and m?
27
Suppose 5*u + 216 = -34. Let y be (12/10)/((-5)/u). What is the greatest common factor of y and 30?
6
Let v(h) = h**3 - 11*h**2 + 15*h + 35. Let n be v(9). What is the greatest common divisor of 136 and n?
8
Let d be (6/(-5))/((-4)/10). Suppose 309 + 189 = d*y. Let k = -106 + y. Calculate the greatest common factor of k and 40.
20
Let a be (-2)/1 + 7*1. Suppose 7 = -5*z - 13. Let d be (z - -4 - 25)/(-1). Calculate the highest common divisor of a and d.
5
Let w = 46 + -42. Suppose -3*c = -5*x, -w*c + 28 = c + x. What is the highest common divisor of c and 35?
5
Let y(x) = x**3 + 34. Let z be y(0). Calculate the greatest common factor of z and 221.
17
Suppose -39 = -y + 11. Let t = y + -20. What is the highest common divisor of t and 12?
6
Suppose -p - 2*j = j - 5, -4*p + j + 7 = 0. Suppose 0*m = m - p. What is the highest common factor of 5 and m?
1
Let l = 2460 + -1302. Calculate the highest common factor of l and 12.
6
Let i = -2 + -1. Let m be (36 + i)/(2/4). Suppose -6*d + m = -3*d. What is the highest common factor of 55 and d?
11
Let o be (-5 - -4)*-9 - 2. Let w(h) = -4*h - 1. Let p be w(-2). Calculate the greatest common factor of p and o.
7
Let h(c) = 19*c + 143. Let a be h(-7). Suppose -y = -3*p + 181, 5*p - 2*y - 151 = 151. What is the greatest common divisor of a and p?
10
Suppose 16*x + 144 = 34*x. Calculate the highest common divisor of x and 808.
8
Let b be 1 + -5 - (-1 - 6). Calculate the highest common factor of 7 and b.
1
Suppose 0 = -2*j - 2*j + 1024. Calculate the highest common factor of j and 64.
64
Let f be 14/(-154) - (7350/(-22) + 1). Calculate the greatest common divisor of 9 and f.
9
Let k(g) = -g**2 + 28*g + 8. Let w be k(26). Suppose 0 = 7*y - w - 59. What is the greatest common factor of 187 and y?
17
Let b = -154 - -286. Calculate the greatest common factor of b and 24.
12
Let h(r) = -117*r - 513. Let d be h(-7). Calculate the highest common divisor of 18 and d.
18
Let q = 12 - 7. Suppose -35 - 40 = -q*y. Let a be 3/((8/5 - 2)/(-2)). Calculate the greatest common divisor of a and y.
15
Let j(a) = -2*a + 14. Suppose -15 - 11 = -13*b. Let c be j(b). Let k be (16 - -1) + 4/(-2). Calculate the greatest common divisor of c and k.
5
Let t(z) = z. Suppose -2*l = -0 - 2. Let a be 19 + 0 - (l - -2). Let b be t(a). What is the greatest common factor of b and 2?
2
Suppose g + g = 3*j + 29, -10 = -2*j. Let r = -12 - -13. Let n be (6/12)/(r/110). What is the greatest common factor of n and g?
11
Let p = 176 - 120. What is the greatest common factor of p and 140?
28
Let l be -1 + (-4)/((-8)/22). Suppose 5*s + 73 = 4*t, t = 2*t - 4*s - l. Let y = t + -8. Calculate the greatest common factor of y and 28.
14
Let c be (-3)/(21/(-2)) - 5312/(-224). Let l be c/((6/14)/(40/35)). What is the highest common factor of l and 4?
4
Let f = -869 - -1257. Let i = f + -194. Suppose -6*c + i = 2. Calculate the highest common factor of 4 and c.
4
Suppose -44 = -4*f + d, 0*f = 4*f + 3*d - 44. Calculate the highest common factor of f and 209.
11
Let n(o) be the second derivative of -o**4/12 - 29*o**3/6 - 21*o**2/2 - 6*o. Let g be n(-15). Let l = -54 + g. What is the highest common factor of 15 and l?
15
Let s(y) = -3*y**2 - 3. Let r be s(-2). Let v = r - -31. What is the greatest common factor of v and 40?
8
Let q be 48/(-36)*6/(-8)*14. Calculate the highest common factor of q and 427.
7
Suppose -5*h + 360 = 7*h. What is the highest common factor of h and 180?
30
Let z be 2 - (-4143)/12 - 3/(-4). What is the greatest common factor of 29 and z?
29
Suppose 0 = -130*q + 133*q - 93. Calculate the greatest common factor of q and 2.
1
Suppose 3*l - 9*l + 720 = 0. Suppose -d + 6 = -42. Calculate the highest common divisor of l and d.
24
Suppose 15*n - 76 - 89 = 0. Calculate the greatest common divisor of n and 1441.
11
Let x be 21 - (-6)/15*-5*2. What is the highest common factor of x and 289?
17
Suppose 3*v - 8 = -20. Let a = -108 - -124. Let c = v + a. What is the highest common factor of 48 and c?
12
Suppose 5*y - 5*t - 9 = 6*y, 4*y + t = 59. What is the greatest common divisor of 368 and y?
16
Suppose 4*i - 114 = -i + 4*w, -4*i + 116 = 3*w. Let h = 1677 - 1638. Calculate the highest common divisor of h and i.
13
Let a(o) = -33*o**3 - 3*o**2 + 4. Let x be a(-2). Let j(c) = -1 + 6*c**2 - 2*c - 5*c - 4 + 4. Let b be j(3). What is the highest common divisor of b and x?
32
Suppose 10*p - 115 = 25. Let s(g) = g - 1. Let z be s(2). Let d(b) = 154*b**3 - b**2 + 1. Let q be d(z). Calculate the highest common divisor of q and p.
14
Let o = 70 - 75. Let r be ((-294)/o)/(44/110). Calculate the greatest common factor of r and 21.
21
Suppose 5*b = -252 + 697. Suppose -5*o - q = -b, 0 = o - 5*o - 2*q + 70. Let g = -15 + o. Calculate the greatest common factor of 18 and g.
3
Let p be 10 + 0 + -19 + 68. Calculate the greatest common divisor of 1357 and p.
59
Let d(y) = 7*y**3 - 7*y**2 + 11*y - 11. Let h be d(4). What is the highest common factor of h and 246?
123
Suppose 0 = 4*i + 26 - 2. Let x = 61 + 2. Let c be 1/3*(i + x). What is the greatest common factor of c and 38?
19
Let n(t) = -t**3 + 10*t**2 + 11*t + 40. Let u be n(11). Let r be (-3)/(30/4) + 96/u. Calculate the highest common factor of r and 28.
2
Let o = 58 - 36. Let v = 35 + -49. Let d be 4 + v*2/(-4). What is the greatest common divisor of d and o?
11
Suppose -5*w + 130 = 5*x, 2*x - w = -4*w + 48. Let s be 83 - -1 - (2 - (-144)/(-18)). Calculate the greatest common divisor of x and s.
30
Suppose 5*d + 183 = 243. Suppose 0 = d*j - 15*j + 15. Let v(l) = 26*l - 1. Let a be v(1). Calculate the highest common factor of a and j.
5
Let i(d) = d**3 + 3*d**2 - 5*d - 3. Let h be i(3). Let w be 2*(4 - 5) + 6. What is the greatest common factor of w and h?
4
Let i be (1021 - 9)*16/64. Let o(l) = 22*l**3 + 2*l**2 - l. Let v be o(1). Calculate the greatest common factor of v and i.
23
Let z = 545 - -22. What is the highest common factor of 54 and z?
27
Let b = 9 + -4. Let w = 0 + 3. Suppose -w*m - 4*i + 40 = 2*m, b*i = m - 37. What is the highest common factor of m and 12?
12
Suppose 0 = -3*x - 17 + 56. Let p(b) = 40*b - 1. Let j = 0 + 1. Let o be p(j). Calculate the highest common divisor of o and x.
13
Let j be 2/8 + 3195/20. Suppose 3*h + 144 = -5*o, -2*h = -4*o - j + 36. Let u be (-1)/3 - 1060/o. What is the highest common divisor of u and 7?
7
Suppose -24*o = -7*o - 85. Calculate the highest common factor of 1 and o.
1
Suppose -4*l + 52 = -6*i + 2*i, -65 = 5*i - l. Let s = i - -28. What is the greatest common factor of s and 3?
3
Let c(w) = -20*w + 49. Let f be c(-12). Calculate the highest common divisor of f and 17.
17
Let a be (54 + (0 - 0))*(-64)/(-48). Calculate the greatest common factor of 24 and a.
24
Let l(j) = 5*j - 17. Let r be l(6). Let i = 19 - 60. Let n = i - -67. Calculate the greatest common divisor of r and n.
13
Suppose -55*p + 5*f = -51*p - 1064, -787 = -3*p + f. Let i be (-259)/(-9) - 6/(-27). Calculate the greatest common factor of p and i.
29
Suppose -3*n = 4*u - 385, n - 129 = -8*u + 6*u. Calculate the highest common divisor of n and 2413.
127
Let x = 14 - -28. Suppose 14*w - 146 - 50 = 0. Calculate the highest common divisor of w and x.
14
Suppose 3*x - 50 = 8*x. Let d(h) = h + 17. Let v be d(x). What is the greatest common divisor of v and 21?
7
Suppose 0*d - 20 = -2*d. Let s be (-9)/6*-2*1. Suppose 8*h + 5*z - 260 = 5*h, 4*h + s*z = 354. Calculate the highest common factor of h and d.
10
Suppose 4*t - 532 = -292. Calculate the highest common divisor of t and 140.
20
Let k be ((-